07 divide 1671072?
True
Is 512 a factor of 334848?
True
Is 344038 a multiple of 179?
True
Is 395 a factor of 375250?
True
Is 627 a factor of 1621422?
True
Is 199 a factor of 4540539?
False
Is 13664583 a multiple of 153?
True
Does 67 divide 283946?
True
Is 198659 a multiple of 85?
False
Is 41223 a multiple of 103?
False
Does 65 divide 18470725?
True
Is 22584386 a multiple of 14?
False
Is 441062 a multiple of 166?
True
Is 106655 a multiple of 20?
False
Is 27 a factor of 6212542?
False
Is 30227 a multiple of 9?
False
Does 50 divide 30100?
True
Does 25 divide 168929?
False
Is 19321972 a multiple of 617?
True
Does 29 divide 471852?
False
Does 13 divide 349613?
False
Is 55 a factor of 49335?
True
Is 396 a factor of 373032?
True
Does 40 divide 10776720?
True
Does 24 divide 137740?
False
Does 475 divide 1312425?
True
Is 856 a factor of 6511592?
True
Is 5 a factor of 154100?
True
Does 327 divide 369187?
False
Is 524 a factor of 1820121?
False
Is 11 a factor of 598693?
False
Is 173880 a multiple of 92?
True
Is 5 a factor of 78364?
False
Is 112380 a multiple of 15?
True
Is 21440645 a multiple of 95?
True
Does 560 divide 4615966?
False
Does 6 divide 216291?
False
Is 4695 even?
False
Is 45715 a multiple of 129?
False
Is 565056 a multiple of 64?
True
Is 155504 a multiple of 284?
False
Does 42 divide 61513?
False
Is 682104 a multiple of 194?
True
Does 491 divide 516532?
True
Is 134 a factor of 241468?
True
Is 80590 a multiple of 32?
False
Is 21073 a multiple of 13?
True
Is 535966 a multiple of 73?
True
Does 55 divide 526185?
True
Does 5 divide 4554430?
True
Does 21 divide 512164?
False
Is 132 a factor of 4901?
False
Does 5 divide 3617139?
False
Does 29 divide 122724?
False
Does 12 divide 374006?
False
Does 279 divide 1413211?
False
Is 2851968 a multiple of 84?
True
Does 64 divide 2462649?
False
Is 264277 a multiple of 13?
True
Does 92 divide 907763?
False
Does 47 divide 149084?
True
Does 3 divide 322713?
True
Is 19 a factor of 24280?
False
Is 64 a factor of 101368?
False
Does 113 divide 611669?
True
Is 16 a factor of 3979?
False
Is 52 a factor of 51480?
True
Is 34 a factor of 779804?
False
Is 61 a factor of 683505?
True
Is 31895 a multiple of 330?
False
Is 72 a factor of 39456?
True
Is 13 a factor of 13947856?
True
Is 398 a factor of 272838?
False
Does 360 divide 5670965?
False
Is 311 a factor of 43200?
False
Does 17 divide 420616?
False
Is 2530065 a multiple of 155?
True
Does 208 divide 9227?
False
Is 4807634 a multiple of 146?
True
Does 4 divide 670772?
True
Is 202 a factor of 4208886?
False
Is 81 a factor of 6113751?
False
Is 5120806 a multiple of 19?
False
Is 68 a factor of 2700726?
False
Is 92 a factor of 779947?
False
Is 211 a factor of 798038?
False
Is 3478357 a multiple of 15?
False
Does 571 divide 3568750?
True
Does 18 divide 3585438?
True
Is 10967 a multiple of 3?
False
Is 5 a factor of 1353655?
True
Is 80706 a multiple of 126?
False
Does 3 divide 74591?
False
Does 642 divide 1904508?
False
Is 44491 a multiple of 173?
False
Is 228228 a multiple of 2?
True
Does 17 divide 462618?
False
Is 16 a factor of 12444528?
True
Is 9625 a multiple of 77?
True
Is 8379744 a multiple of 15?
False
Does 18 divide 297576?
True
Is 152879 a multiple of 8?
False
Is 48166 a multiple of 68?
False
Is 21652272 a multiple of 1944?
True
Is 3908986 a multiple of 422?
True
Is 6706530 a multiple of 1263?
True
Does 13 divide 1732874?
True
Does 638 divide 13783990?
True
Is 3091862 a multiple of 236?
False
Is 7 a factor of 359839?
False
Does 52 divide 836212?
True
Is 15614 a multiple of 15?
False
Is 76 a factor of 117344?
True
Is 131994 a multiple of 21?
False
Is 9 a factor of 17562024?
True
Does 40 divide 340879?
False
Does 7 divide 40982?
False
Is 132 a factor of 98123?
False
Is 460458 a multiple of 27?
True
Is 51 a factor of 44727?
True
Is 3130894 a multiple of 314?
True
Is 33 a factor of 358941?
True
Is 224985 a multiple of 5?
True
Is 198 a factor of 9996548?
False
Is 7 a factor of 143549?
True
Is 370665 a multiple of 924?
False
Does 16 divide 1339716?
False
Does 3 divide 14186?
False
Is 30 a factor of 1196940?
True
Is 327 a factor of 621300?
True
Does 3 divide 36645?
True
Is 144540 a multiple of 110?
True
Is 264100 a multiple of 5?
True
Is 622 a factor of 1913999?
False
Is 10 a factor of 7136?
False
Is 22 a factor of 17214604?
True
Is 193284 a multiple of 63?
True
Does 28 divide 1500968?
True
Is 27 a factor of 592002?
True
Is 1258 a factor of 18393218?
True
Is 9794560 a multiple of 1713?
False
Is 25 a factor of 6000625?
True
Does 8 divide 707896?
True
Is 10 a factor of 137807?
False
Is 6566994 a multiple of 63?
True
Is 2181204 a multiple of 9?
True
Is 146304 a multiple of 24?
True
Does 50 divide 794400?
True
Is 453226 a multiple of 795?
False
Does 16 divide 127975?
False
Is 381 a factor of 45561?
False
Is 32 a factor of 392047?
False
Does 439 divide 1489105?
False
Is 636884 a multiple of 178?
True
Is 179 a factor of 15891262?
True
Is 7204176 a multiple of 12?
True
Is 49 a factor of 357308?
True
Does 7 divide 1827062?
False
Does 107 divide 24904250?
True
Is 13 a factor of 3024705?
False
Is 1478853 a multiple of 841?
False
Does 155 divide 11801545?
True
Is 95 a factor of 305737?
False
Is 112186 a multiple of 7?
False
Is 58 a factor of 538184?
False
Does 8 divide 3628848?
True
Does 12 divide 344100?
True
Does 4 divide 1287436?
True
Is 152 a factor of 4253522?
False
Does 162 divide 9267534?
True
Does 42 divide 69857?
False
Does 205 divide 4349436?
False
Does 306 divide 419832?
True
Does 11 divide 565454?
False
Is 2800434 a multiple of 161?
True
Is 318872 a multiple of 184?
True
Is 123318 a multiple of 403?
True
Is 46 a factor of 2013422?
False
Does 363 divide 1474506?
True
Is 5 a factor of 2327?
False
Is 68 a factor of 5447072?
True
Is 20 a factor of 11282440?
True
Is 40 a factor of 1827880?
True
Is 2429013 a multiple of 8?
False
Is 1861310 a multiple of 10?
True
Is 584301 a multiple of 57?
False
Is 39 a factor of 1048476?
True
Is 13 a factor of 210860?
True
Is 799802 a multiple of 136?
False
Is 6656160 a multiple of 196?
True
Is 1124 a factor of 1115327?
False
Is 7008883 a multiple of 118?
False
Does 2486 divide 16525675?
False
Is 77 a factor of 6909893?
False
Is 25 a factor of 205536?
False
Is 4100733 a multiple of 819?
True
Does 19 divide 121291?
False
Is 21 a factor of 26250?
True
Is 451152 a multiple of 144?
True
Is 136498 a multiple of 69?
False
Does 5 divide 374430?
True
Is 83898 a multiple of 46?
False
Is 8175051 a multiple of 31?
False
Is 35 a factor of 158060?
True
Is 908405 a multiple of 485?
True
Does 18 divide 335759?
False
Does 34 divide 5309335?
False
Does 26 divide 373490?
True
Is 111927 a multiple of 59?
False
Is 158610 a multiple of 170?
True
Is 164 a factor of 3804217?
False
Does 31 divide 458788?
False
Does 233 divide 1225198?
False
Does 40 divide 922817?
False
Is 14 a factor of 40712?
True
Is 17395037 a multiple of 59?
False
Does 15 divide 81286?
False
Is 742453 a multiple of 49?
False
Is 218917 a multiple of 83?
False
Does 495 divide 2176515?
True
Is 971755 a multiple of 265?
True
Is 37472 a multiple of 16?
True
Does 9 divide 1588149?
True
Does 15 divide 12795?
True
Is 1614600 a multiple of 11?
False
Is 15 a factor of 24165?
True
Does 145 divide 2484897?
False
Is 6 a factor of 39048?
True
Is 32 a factor of 1824800?
True
Is 158 a factor of 352024?
True
Is 376981 a multiple of 43?
True
Is 22 a factor of 169642?
True
Is 43 a factor of 124275?
False
Is 1032960 a multiple of 21?
False
Is 4 a factor of 119652?
True
Does 5 divide 47493?
False
Is 30432 a multiple of 14?
False
Is 712092 a multiple of 212?
False
Does 37 divide 307100?
True
Is 776 a factor of 1426508?
False
Is 663572 a multiple of 13?
True
Is 350 a factor of 20650?
True
Is 443993 a multiple of 10?
False
Does 18 divide 87174?
True
Does 5 divide 1040720?
True
Is 6811848 a multiple of 1332?
True
Does 3 divide 1875980?
False
Is 11848791 a multiple of 12?
False
Does 101 divide 909101?
True
Does 19 divide 1431897?
True
Does 4 divide 99856?
True
Does 337 divide 199810?
False
Is 5504879 a multiple of 35?
False
Does 37 divide 20734?
False
Does 37 divide 9046241?
True
Is 30 a factor of 2453220?
True
Does 95 divide 1877138?
False
Is 82588 a multiple of 29?
False
Does 32 divide 2281416?
False
Is 474 a factor o